21390?
0
What is the units digit of 590?
0
What is the thousands digit of 19633?
9
What is the tens digit of 330?
3
What is the hundreds digit of 10672?
6
What is the hundreds digit of 72434?
4
What is the hundreds digit of 1136?
1
What is the tens digit of 53542?
4
What is the units digit of 743?
3
What is the thousands digit of 2114?
2
What is the tens digit of 3770?
7
What is the ten thousands digit of 14103?
1
What is the units digit of 8859?
9
What is the tens digit of 2595?
9
What is the thousands digit of 1958?
1
What is the units digit of 124121?
1
What is the tens digit of 600?
0
What is the tens digit of 1232?
3
What is the ten thousands digit of 36536?
3
What is the units digit of 1079?
9
What is the units digit of 1009?
9
What is the tens digit of 1184?
8
What is the tens digit of 5893?
9
What is the hundreds digit of 98474?
4
What is the units digit of 22746?
6
What is the tens digit of 1513?
1
What is the hundreds digit of 15018?
0
What is the tens digit of 67?
6
What is the hundreds digit of 7676?
6
What is the units digit of 20018?
8
What is the tens digit of 1888?
8
What is the tens digit of 631?
3
What is the units digit of 1524?
4
What is the hundreds digit of 21675?
6
What is the thousands digit of 64348?
4
What is the hundreds digit of 440?
4
What is the thousands digit of 2136?
2
What is the thousands digit of 10981?
0
What is the tens digit of 721?
2
What is the tens digit of 297?
9
What is the units digit of 1081?
1
What is the hundreds digit of 28855?
8
What is the tens digit of 20598?
9
What is the units digit of 19914?
4
What is the units digit of 89?
9
What is the thousands digit of 113831?
3
What is the thousands digit of 61124?
1
What is the hundreds digit of 10900?
9
What is the thousands digit of 6703?
6
What is the hundreds digit of 61204?
2
What is the hundreds digit of 21134?
1
What is the tens digit of 1047?
4
What is the hundreds digit of 10923?
9
What is the hundreds digit of 174910?
9
What is the units digit of 1763?
3
What is the tens digit of 276?
7
What is the thousands digit of 7963?
7
What is the tens digit of 24456?
5
What is the thousands digit of 1744?
1
What is the hundreds digit of 65762?
7
What is the thousands digit of 1482?
1
What is the hundreds digit of 3234?
2
What is the thousands digit of 1349?
1
What is the hundreds digit of 1855?
8
What is the hundreds digit of 3178?
1
What is the hundreds digit of 23074?
0
What is the thousands digit of 66385?
6
What is the thousands digit of 4951?
4
What is the tens digit of 6431?
3
What is the thousands digit of 5396?
5
What is the tens digit of 3119?
1
What is the tens digit of 21528?
2
What is the thousands digit of 6244?
6
What is the hundreds digit of 1129?
1
What is the tens digit of 2933?
3
What is the hundreds digit of 705?
7
What is the units digit of 519?
9
What is the units digit of 1050?
0
What is the tens digit of 29359?
5
What is the units digit of 14939?
9
What is the tens digit of 691?
9
What is the hundreds digit of 61852?
8
What is the tens digit of 682?
8
What is the ten thousands digit of 50443?
5
What is the units digit of 1346?
6
What is the thousands digit of 17066?
7
What is the hundreds digit of 8671?
6
What is the units digit of 986?
6
What is the units digit of 85405?
5
What is the units digit of 1963?
3
What is the hundreds digit of 9286?
2
What is the units digit of 1748?
8
What is the thousands digit of 7840?
7
What is the tens digit of 20856?
5
What is the units digit of 19678?
8
What is the thousands digit of 1302?
1
What is the units digit of 3203?
3
What is the tens digit of 8904?
0
What is the units digit of 1057?
7
What is the units digit of 6162?
2
What is the tens digit of 828?
2
What is the tens digit of 833?
3
What is the thousands digit of 8918?
8
What is the thousands digit of 29523?
9
What is the hundreds digit of 7030?
0
What is the ten thousands digit of 165214?
6
What is the tens digit of 4269?
6
What is the tens digit of 887?
8
What is the tens digit of 1377?
7
What is the units digit of 953?
3
What is the tens digit of 48338?
3
What is the hundreds digit of 213?
2
What is the tens digit of 853?
5
What is the thousands digit of 90264?
0
What is the units digit of 1515?
5
What is the hundreds digit of 43665?
6
What is the hundreds digit of 9217?
2
What is the tens digit of 947?
4
What is the ten thousands digit of 24411?
2
What is the tens digit of 2411?
1
What is the tens digit of 9562?
6
What is the tens digit of 115528?
2
What is the hundreds digit of 1375?
3
What is the tens digit of 6947?
4
What is the hundreds digit of 39569?
5
What is the tens digit of 370?
7
What is the tens digit of 2412?
1
What is the hundreds digit of 89733?
7
What is the thousands digit of 4411?
4
What is the thousands digit of 2073?
2
What is the hundreds digit of 608?
6
What is the hundreds digit of 5246?
2
What is the units digit of 4305?
5
What is the tens digit of 9247?
4
What is the hundreds digit of 1472?
4
What is the tens digit of 250?
5
What is the ten thousands digit of 27855?
2
What is the tens digit of 12198?
9
What is the tens digit of 34103?
0
What is the thousands digit of 2017?
2
What is the tens digit of 942?
4
What is the units digit of 18374?
4
What is the thousands digit of 3138?
3
What is the tens digit of 546?
4
What is the hundreds digit of 1735?
7
What is the hundreds digit of 2886?
8
What is the tens digit of 990?
9
What is the tens digit of 55203?
0
What is the tens digit of 5317?
1
What is the hundreds digit of 40332?
3
What is the tens digit of 4941?
4
What is the tens digit of 49767?
6
What is the tens digit of 2324?
2
What is the tens digit of 1461?
6
What is the thousands digit of 1286?
1
What is the hundreds digit of 7493?
4
What is the hundreds digit of 3485?
4
What is the hundreds digit of 3222?
2
What is the ten thousands digit of 20378?
2
What is the thousands digit of 2422?
2
What is the hundreds digit of 256?
2
What is the hundreds digit of 4340?
3
What is the units digit of 681?
1
What is the thousands digit of 1536?
1
What is the thousands digit of 25806?
5
What is the tens digit of 1510?
1
What is the hundreds digit of 26126?
1
What is the hundreds digit of 12165?
1
What is the tens digit of 13804?
0
What is the tens digit of 197?
9
What is the thousands digit of 48284?
8
What is the hundreds digit of 659?
6
What is the ten thousands digit of 52705?
5
What is the hundreds digit of 66099?
0
What is the tens digit of 23807?
0
What is the tens digit of 60090?
9
What is the hundreds digit of 14098?
0
What is the tens digit of 55783?
8
What is the ten thousands digit of 19567?
1
What is the hundreds digit of 39264?
2
What is the hundreds digit of 1370?
3
What is the hundreds digit of 716?
7
What is the tens digit of 1174?
7
What is the tens digit of 268?
6
What is the thousands digit of 13213?
3
What is the tens digit of 4077?
7
What is the hundreds digit of 61832?
8
What is the ten thousands digit of 55658?
5
What is the thousands digit of 2811?
2
What is the tens digit of 2308?
0
What is the tens digit of 47?
4
What is the ten thousands digit of 24459?
2
What is the units digit of 1578?
8
What is the tens digit of 24254?
5
What is the units digit of 37071?
1
What is the thousands digit of 1050?
1
What is the tens digit of 48450?
5
What is the units digit of 13737?
7
What is the tens digit of 67?
6
What is the ten thousands digit of 64261?
6
What is the units digit of 34388?
8
What is the hundreds digit of 14112?
1
What is the units digit of 89?
9
What is the tens digit of 462?
6
What is the tens digit of 36676?
7
What is the ten thousands digit of 33597?
3
What is the thousands digit of 1702?
1
What is the units digit of 575?
5
What is the tens digit of 3557?
5
What is the ten thousands digit of 73447?
7
What is the units digit of 10046?
6
What is the units digit of 943?
3
What is the tens digit of 3097?
9
What is the hundreds digit of 17200?
2
What is the units digit of 37534?
4
What is the thousands digit of 6646?
6
What is the thousands digit of 62960?
2
What is the thousands digit of 7845?
7
What is the tens digit of 584?
8
What is the ten thousands digit of 16053?
1
What is the tens digit of 5886?
8
What is the ten thousands digit of 94658?
9
What is the hundreds digit of 25524?